4222?
34034412
In base 11, what is 10507719 + -4?
10507715
In base 9, what is -3260 + 14657?
11387
In base 7, what is -5300 + 42333?
34033
In base 6, what is -25 + 153224525?
153224500
In base 16, what is cf36 - 116?
ce20
In base 8, what is 75014147 + 3?
75014152
In base 5, what is -321410 + -320144?
-1142104
In base 15, what is 2184ac8 + 10?
2184ad8
In base 12, what is -2 + 564b304b?
564b3049
In base 16, what is -7d2f + -3895?
-b5c4
In base 12, what is 18 + 11b6a07b?
11b6a097
In base 12, what is 6b + 36ab37?
36aba6
In base 2, what is -1001101111 - -100010101110101111?
100010100101000000
In base 9, what is 34 - -555450?
555484
In base 5, what is -102243424223 - -2?
-102243424221
In base 2, what is -10010111 - 1111000000101011011011?
-1111000000101101110010
In base 2, what is -10010101011001 + -10000010010?
-10100101101011
In base 12, what is 3a64b16b + 1?
3a64b170
In base 14, what is -1c93b54 - -c?
-1c93b46
In base 4, what is -1201102 - 2030100?
-3231202
In base 11, what is -9981 + 11081?
2200
In base 16, what is -22 + 13283f?
13281d
In base 2, what is 11101 + -10110000001111111011001?
-10110000001111110111100
In base 16, what is -ca + -d3ae2?
-d3bac
In base 3, what is 112201001201221 - -122?
112201001202120
In base 2, what is -111110110 + -11101100100011?
-11110100011001
In base 16, what is 97115 + 5e?
97173
In base 9, what is 16 - 208466?
-208450
In base 13, what is 2b040684 + -1?
2b040683
In base 15, what is 13156 + 8dc?
13a43
In base 15, what is -1 + 6bc070?
6bc06e
In base 7, what is -26433 - 2530?
-32263
In base 7, what is -344664632 + 5?
-344664624
In base 7, what is -1436 + -1556141?
-1560610
In base 14, what is 1cb - 98b6?
-96c9
In base 2, what is 10 - 100111110110010101011?
-100111110110010101001
In base 13, what is 2 + -26c007?
-26c005
In base 16, what is ac43f8 - 1?
ac43f7
In base 11, what is -132 - -26a7?
2575
In base 8, what is -1 - -6471065?
6471064
In base 5, what is -24002 + -434?
-24441
In base 10, what is -7 - -92695793?
92695786
In base 9, what is -730728 + 17?
-730711
In base 11, what is -2450 - -a2955?
a0505
In base 14, what is -3da - -82741?
82345
In base 15, what is -275504 - -3?
-275501
In base 3, what is 1001010022021212010 + -2?
1001010022021212001
In base 15, what is 4 - 29495be8?
-29495be4
In base 6, what is 23320 - 3454?
15422
In base 5, what is -13210222 - 301242?
-14012014
In base 16, what is 4 - -3c2812?
3c2816
In base 4, what is 13 - 10001130001?
-10001123322
In base 9, what is -5 + -4132230?
-4132235
In base 14, what is -4 - 87238aa?
-87238b0
In base 13, what is 13 - b391?
-b37b
In base 4, what is 11 - 12213203231?
-12213203220
In base 5, what is -10303303 + -31223?
-10340031
In base 11, what is 574107 - -28?
574134
In base 14, what is 296 + -3a12?
-375a
In base 10, what is 52849 - 3?
52846
In base 4, what is 3 - -2000013210?
2000013213
In base 13, what is -135 + -18c5b8?
-18c720
In base 14, what is -108424 - -982?
-107882
In base 4, what is 10 - -331333013323?
331333013333
In base 14, what is -2300 + -172?
-2472
In base 16, what is 179a93 + -c?
179a87
In base 9, what is 810 + 2622?
3532
In base 2, what is -111111 + -1100100111110010?
-1100101000110001
In base 7, what is -62 + 13646?
13554
In base 12, what is 2 + 32a66507?
32a66509
In base 11, what is -1 + -3285aaa8?
-3285aaa9
In base 3, what is 120012112 + 11021212?
201111101
In base 16, what is 2331b8 + 1?
2331b9
In base 11, what is 3412 - -4862?
8174
In base 11, what is 2 + -136a032?
-136a030
In base 7, what is -250022 - -6?
-250013
In base 6, what is -22153300 - -1335?
-22151521
In base 10, what is -353089 - -38?
-353051
In base 10, what is 8 + 5365729?
5365737
In base 2, what is -1101011110001100 + -1000?
-1101011110010100
In base 6, what is -231 + 54303204?
54302533
In base 11, what is -8871917 + 4?
-8871913
In base 16, what is -26b + -417f?
-43ea
In base 11, what is 2544 - -11241?
13785
In base 3, what is 1 + 12020111120220?
12020111120221
In base 15, what is 30a - 596?
-28b
In base 5, what is -13410142 - -21123?
-13334014
In base 11, what is 5 + 934603a1?
934603a6
In base 13, what is -175515 - 69?
-175581
In base 6, what is -5 - -1314054350?
1314054341
In base 4, what is -1102212 - 121302103?
-123010321
In base 11, what is -2897 - -344?
-2553
In base 4, what is 1231131 - 1201122?
30003
In base 8, what is 564 + -27204?
-26420
In base 4, what is 13121 - 33331?
-20210
In base 15, what is 85ae - c?
85a2
In base 5, what is 1122210400 + 0?
1122210400
In base 7, what is -205312 - 34312?
-242624
In base 14, what is -b3 + -833071?
-833144
In base 15, what is 538c - -5794?
ab31
In base 15, what is adcea3 + 1?
adcea4
In base 15, what is 2b73d7 + 6?
2b73dd
In base 8, what is -1411 - -403627?
402216
In base 11, what is 4 - a57544?
-a57540
In base 5, what is 14434414003 + 0?
14434414003
In base 2, what is 110010000110010 - -10010001000001?
1000100001110011
In base 14, what is -5 - 112dc3d?
-112dc44
In base 9, what is -78031 + 2268?
-75652
In base 12, what is 1a + -6a745a?
-6a7440
In base 3, what is -101221210202 + -121211?
-101222102120
In base 5, what is -120 + -2221004?
-2221124
In base 7, what is -1 - -113023551?
113023550
In base 9, what is 17632825 - -76?
17633012
In base 14, what is -73a7 - -1c9?
-71bc
In base 5, what is 103022 + 1120?
104142
In base 8, what is 64 + 5400117?
5400203
In base 16, what is 932e0 - -62?
93342
In base 7, what is -130424 + -26052?
-156506
In base 16, what is -1 - -4f4de0?
4f4ddf
In base 11, what is 6a2617a5 + 5?
6a2617aa
In base 7, what is -56 + 126550?
126461
In base 7, what is -3 + 6036561?
6036555
In base 7, what is 106552 + 23061?
132643
In base 6, what is 11524 - -1123322?
1135250
In base 13, what is -9 + 853138?
85312c
In base 10, what is -77 - -1574642?
1574565
In base 9, what is 1 - 11065313?
-11065312
In base 3, what is -12 - -100000122210001?
100000122202212
In base 3, what is 2120010112001100 - -2?
2120010112001102
In base 9, what is 171 + 277356?
277537
In base 10, what is -13 - 138068?
-138081
In base 13, what is -c07 + 845?
-392
In base 11, what is 1a0 + 67481?
67671
In base 16, what is -16f754b - -5?
-16f7546
In base 4, what is 301 + -2110200121?
-2110133220
In base 3, what is 102002110 - 210100101?
-101020221
In base 14, what is -215c + -76b?
-28c9
In base 11, what is 363325 + 5?
36332a
In base 16, what is 5f - 18d66?
-18d07
In base 5, what is -103022 + -32313?
-140340
In base 3, what is -1 - 112021002022222?
-112021002100000
In base 14, what is -11a0 - 69cb?
-7b8b
In base 7, what is 12265 - 135013?
-122415
In base 4, what is -323 + -10030302021?
-10030303010
In base 10, what is -126777 + -101?
-126878
In base 3, what is -100000000 - 222110?
-100222110
In base 10, what is 46 + -30373361?
-30373315
In base 6, what is -1552452 - -23?
-1552425
In base 11, what is -4 + 45899950?
45899947
In base 7, what is 250304 - -6?
250313
In base 11, what is a8 - 2734152?
-2734055
In base 12, what is 988b + 72a9?
14b78
In base 8, what is 27 - 47137527?
-47137500
In base 16, what is -37d583 + 5?
-37d57e
In base 12, what is -47 + 38b7?
3870
In base 12, what is 1b608 - -7b?
1b687
In base 6, what is 2351352 + -2313?
2345035
In base 16, what is -5 - 1c435f?
-1c4364
In base 13, what is 5 - -22b008?
22b010
In base 2, what is -110101001010100 + 101001?
-110101000101011
In base 2, what is -100 - 1101111010000000110010?
-1101111010000000110110
In base 10, what is 699740 - -58?
699798
In base 11, what is 105 + -4646?
-4541
In base 13, what is 833703 - c?
8336c4
In base 16, what is 1e39 + 734?
256d
In base 10, what is -86 + -241407?
-241493
In base 11, what is -5602 + -119?
-5720
In base 3, what is -10 + 120010111121100?
120010111121020
In base 6, what is 41311 + -4215?
33052
In base 14, what is 3 - -715558?
71555b
In base 9, what is -6 - -447774?
447767
In base 2, what is 1101101101111011110101010 + -111?
1101101101111011110100011
In base 2, what is 1011110100000 - 1100001010001011?
-1010101011101011
In base 3, what is 2 - 20012112101112?
-20012112101110
In base 13, what is 656860 - a2?
65678b
In base 11, what is -55a976 + 150?
-55a826
In base 5, what is 10 - 4224410432?
-4224410422
In base 6, what is 1 + 2140052332?
2140052333
In base 11, what is 3 - 5073186?
-5073183
In base 12, what is -121830 + -81?
-1218b1
In base 8, what is -54333225 